{"id":386,"date":"2016-07-05T16:55:48","date_gmt":"2016-07-05T14:55:48","guid":{"rendered":"https:\/\/www.zahnklinik-essen.de\/de\/?page_id=386"},"modified":"2023-12-15T14:34:35","modified_gmt":"2023-12-15T13:34:35","slug":"max-w-langer","status":"publish","type":"page","link":"https:\/\/www.dentalzentrum-essen.de\/de\/team\/max-w-langer\/","title":{"rendered":"Max W. Langer"},"content":{"rendered":"<h3>Vita<\/h3>\n<dl class=\"vita\">\n<dt>2000-2006<\/dt>\n<dd>Studium der Zahnheilkunde an der Rheinischen Friedrich-Wilhelms-Universit\u00e4t Bonn und der Medizinischen Universit\u00e4t Wien<\/dd>\n<dt>2007<\/dt>\n<dd>Promotion zum Dr. med. dent. an der Rheinischen Friedrich-Wilhelms-Universit\u00e4t Bonn<\/dd>\n<dt>2007-2009<\/dt>\n<dd>Assistenzzahnarzt in K\u00f6lner Praxis mit T\u00e4tigkeitsschwerpunkt Zahn\u00e4sthetik \/metallfreie, vollkeramische Versorgungen<\/dd>\n<dt>2008-2009<\/dt>\n<dd>Curricul\u00e4re einj\u00e4hrige Fortbildungsreihe Fachrichtung Implantologie bei der Fachgesellschaft DGI<\/dd>\n<dt>2008-2009<\/dt>\n<dd>Curricul\u00e4re einj\u00e4hrige Fortbildungsreihe Fachrichtung Parodontologie an der Universit\u00e4t Witten\/Herdecke zur Erlangung des T\u00e4tigkeitsschwerpunktes Parodontologie<\/dd>\n<dt>Seit 2009<\/dt>\n<dd>Zahnarzt in der Zahnklinik Essen<\/dd>\n<dt>2009<\/dt>\n<dd>Auslandsaufenthalt in Nepal als Mitglied der Hilfsorganisation Zahn\u00e4rzte ohne Grenzen<\/dd>\n<dt>2010<\/dt>\n<dd>Qualifikation f\u00fcr Volumentomographie: Zur Erweiterung des Kompetenzspektrums der Zahnklinik Essen hat Dr. Langer die Qualifikation zur Anwendung der hochmodernen Volumentomographie erworben. Diese erm\u00f6glicht noch pr\u00e4zisere Behandlungs- &amp; Operationsmethoden.<\/dd>\n<dt>2011<\/dt>\n<dd>Zertifizierter Spezialist und Referenzanwender f\u00fcr das Bego Semados Implantatsystem (Bego Academia Implantology)<\/dd>\n<dt>2012-2014<\/dt>\n<dd>Studium zum Master of Science in Implantologie (M.Sc.) an der Steinbeis-Hochschule Berlin.<\/dd>\n<dt>2016<\/dt>\n<dd>Gesellschafter der Berufsaus\u00fcbungsgemeinschaft Dr. P. Abramowski, Dr. C. Gerckens, Dr. S. G\u00fcnther und Dr. M. Langer<\/dd>\n<dt>2017\u20132018&gt;<\/dt>\n<dd>Studium zum Master of Science in Implantologie und Parodontologie (M.Sc.) an der Steinbeis-Hochschule Berlin<\/dd>\n<dt>2019<\/dt>\n<dd>Curriculum Sport-Zahnmedizin und Traumatologie: Zertifizierter Sportzahnmediziner<\/dd>\n<\/dl>\n<h3>Aktive Mitgliedschaften<\/h3>\n<ul>\n<li>Deutsche Gesellschaft f\u00fcr Implantologie (DGI)<\/li>\n<li>Deutsche Gesellschaft f\u00fcr Zahn-, Mund- und Kieferheilkunde (DGZMK)<\/li>\n<\/ul>\n","protected":false},"excerpt":{"rendered":"<p>Vita 2000-2006 Studium der Zahnheilkunde an der Rheinischen Friedrich-Wilhelms-Universit\u00e4t Bonn und der Medizinischen Universit\u00e4t Wien 2007 Promotion zum Dr. med. dent. an der Rheinischen Friedrich-Wilhelms-Universit\u00e4t Bonn 2007-2009 Assistenzzahnarzt in K\u00f6lner Praxis mit T\u00e4tigkeitsschwerpunkt Zahn\u00e4sthetik \/metallfreie, vollkeramische Versorgungen 2008-2009 Curricul\u00e4re einj\u00e4hrige Fortbildungsreihe Fachrichtung Implantologie bei der Fachgesellschaft DGI 2008-2009 Curricul\u00e4re einj\u00e4hrige Fortbildungsreihe Fachrichtung Parodontologie an der [&hellip;]<\/p>\n","protected":false},"author":1,"featured_media":0,"parent":41,"menu_order":0,"comment_status":"closed","ping_status":"closed","template":"","meta":[],"_links":{"self":[{"href":"https:\/\/www.dentalzentrum-essen.de\/de\/wp-json\/wp\/v2\/pages\/386"}],"collection":[{"href":"https:\/\/www.dentalzentrum-essen.de\/de\/wp-json\/wp\/v2\/pages"}],"about":[{"href":"https:\/\/www.dentalzentrum-essen.de\/de\/wp-json\/wp\/v2\/types\/page"}],"author":[{"embeddable":true,"href":"https:\/\/www.dentalzentrum-essen.de\/de\/wp-json\/wp\/v2\/users\/1"}],"replies":[{"embeddable":true,"href":"https:\/\/www.dentalzentrum-essen.de\/de\/wp-json\/wp\/v2\/comments?post=386"}],"version-history":[{"count":2,"href":"https:\/\/www.dentalzentrum-essen.de\/de\/wp-json\/wp\/v2\/pages\/386\/revisions"}],"predecessor-version":[{"id":2751,"href":"https:\/\/www.dentalzentrum-essen.de\/de\/wp-json\/wp\/v2\/pages\/386\/revisions\/2751"}],"up":[{"embeddable":true,"href":"https:\/\/www.dentalzentrum-essen.de\/de\/wp-json\/wp\/v2\/pages\/41"}],"wp:attachment":[{"href":"https:\/\/www.dentalzentrum-essen.de\/de\/wp-json\/wp\/v2\/media?parent=386"}],"curies":[{"name":"wp","href":"https:\/\/api.w.org\/{rel}","templated":true}]}}

<h3>Vita</h3>
<dl class="vita">
<dt>2000-2006</dt>
<dd>Studium der Zahnheilkunde an der Rheinischen Friedrich-Wilhelms-Universität Bonn und der Medizinischen Universität Wien</dd>
<dt>2007</dt>
<dd>Promotion zum Dr. med. dent. an der Rheinischen Friedrich-Wilhelms-Universität Bonn</dd>
<dt>2007-2009</dt>
<dd>Assistenzzahnarzt in Kölner Praxis mit Tätigkeitsschwerpunkt Zahnästhetik /metallfreie, vollkeramische Versorgungen</dd>
<dt>2008-2009</dt>
<dd>Curriculäre einjährige Fortbildungsreihe Fachrichtung Implantologie bei der Fachgesellschaft DGI</dd>
<dt>2008-2009</dt>
<dd>Curriculäre einjährige Fortbildungsreihe Fachrichtung Parodontologie an der Universität Witten/Herdecke zur Erlangung des Tätigkeitsschwerpunktes Parodontologie</dd>
<dt>Seit 2009</dt>
<dd>Zahnarzt in der Zahnklinik Essen</dd>
<dt>2009</dt>
<dd>Auslandsaufenthalt in Nepal als Mitglied der Hilfsorganisation Zahnärzte ohne Grenzen</dd>
<dt>2010</dt>
<dd>Qualifikation für Volumentomographie: Zur Erweiterung des Kompetenzspektrums der Zahnklinik Essen hat Dr. Langer die Qualifikation zur Anwendung der hochmodernen Volumentomographie erworben. Diese ermöglicht noch präzisere Behandlungs- &amp; Operationsmethoden.</dd>
<dt>2011</dt>
<dd>Zertifizierter Spezialist und Referenzanwender für das Bego Semados Implantatsystem (Bego Academia Implantology)</dd>
<dt>2012-2014</dt>
<dd>Studium zum Master of Science in Implantologie (M.Sc.) an der Steinbeis-Hochschule Berlin.</dd>
<dt>2016</dt>
<dd>Gesellschafter der Berufsausübungsgemeinschaft Dr. P. Abramowski, Dr. C. Gerckens, Dr. S. Günther und Dr. M. Langer</dd>
<dt>2017–2018&gt;</dt>
<dd>Studium zum Master of Science in Implantologie und Parodontologie (M.Sc.) an der Steinbeis-Hochschule Berlin</dd>
<dt>2019</dt>
<dd>Curriculum Sport-Zahnmedizin und Traumatologie: Zertifizierter Sportzahnmediziner</dd>
</dl>
<h3>Aktive Mitgliedschaften</h3>
<ul>
<li>Deutsche Gesellschaft für Implantologie (DGI)</li>
<li>Deutsche Gesellschaft für Zahn-, Mund- und Kieferheilkunde (DGZMK)</li>
</ul>

<p>Vita 2000-2006 Studium der Zahnheilkunde an der Rheinischen Friedrich-Wilhelms-Universität Bonn und der Medizinischen Universität Wien 2007 Promotion zum Dr. med. dent. an der Rheinischen Friedrich-Wilhelms-Universität Bonn 2007-2009 Assistenzzahnarzt in Kölner Praxis mit Tätigkeitsschwerpunkt Zahnästhetik /metallfreie, vollkeramische Versorgungen 2008-2009 Curriculäre einjährige Fortbildungsreihe Fachrichtung Implantologie bei der Fachgesellschaft DGI 2008-2009 Curriculäre einjährige Fortbildungsreihe Fachrichtung Parodontologie an der [&hellip;]</p>
