{"id":3954,"date":"2024-05-13T10:20:05","date_gmt":"2024-05-13T08:20:05","guid":{"rendered":"https:\/\/www.dentalzentrum-essen.de\/de\/?page_id=3954"},"modified":"2025-03-21T15:13:03","modified_gmt":"2025-03-21T14:13:03","slug":"phillip-wolak","status":"publish","type":"page","link":"https:\/\/www.dentalzentrum-essen.de\/de\/team\/phillip-wolak\/","title":{"rendered":"Phillip Wolak"},"content":{"rendered":"<h3>Vita<\/h3>\n<dl class=\"vita\">\n<dt>2017-2022<\/dt>\n<dd>Studium der Zahnmedizin an der Westf\u00e4lischen-Wilhelms-Universit\u00e4t in M\u00fcnster<\/dd>\n<dt>2023<\/dt>\n<dd>Auslandsaufenthalt im Senegal als Mitglied der Hilfsorganisation Dental volunteers<\/dd>\n<dt>2023<\/dt>\n<dd>Fachkunde dentale digitale Volumentomographie (DVT)<\/dd>\n<dt>Seit 2023<\/dt>\n<dd>Doktorand an der Westf\u00e4lischen-Wilhelms-Universit\u00e4t in M\u00fcnster<\/dd>\n<dt>Seit 2024<\/dt>\n<dd>angestellter Assistenzzahnarzt im Dentalzentrum Essen<\/dd>\n<\/dl>\n","protected":false},"excerpt":{"rendered":"<p>Vita 2017-2022 Studium der Zahnmedizin an der Westf\u00e4lischen-Wilhelms-Universit\u00e4t in M\u00fcnster 2023 Auslandsaufenthalt im Senegal als Mitglied der Hilfsorganisation Dental volunteers 2023 Fachkunde dentale digitale Volumentomographie (DVT) Seit 2023 Doktorand an der Westf\u00e4lischen-Wilhelms-Universit\u00e4t in M\u00fcnster Seit 2024 angestellter Assistenzzahnarzt im Dentalzentrum Essen<\/p>\n","protected":false},"author":11,"featured_media":0,"parent":41,"menu_order":0,"comment_status":"closed","ping_status":"closed","template":"","meta":[],"_links":{"self":[{"href":"https:\/\/www.dentalzentrum-essen.de\/de\/wp-json\/wp\/v2\/pages\/3954"}],"collection":[{"href":"https:\/\/www.dentalzentrum-essen.de\/de\/wp-json\/wp\/v2\/pages"}],"about":[{"href":"https:\/\/www.dentalzentrum-essen.de\/de\/wp-json\/wp\/v2\/types\/page"}],"author":[{"embeddable":true,"href":"https:\/\/www.dentalzentrum-essen.de\/de\/wp-json\/wp\/v2\/users\/11"}],"replies":[{"embeddable":true,"href":"https:\/\/www.dentalzentrum-essen.de\/de\/wp-json\/wp\/v2\/comments?post=3954"}],"version-history":[{"count":4,"href":"https:\/\/www.dentalzentrum-essen.de\/de\/wp-json\/wp\/v2\/pages\/3954\/revisions"}],"predecessor-version":[{"id":4449,"href":"https:\/\/www.dentalzentrum-essen.de\/de\/wp-json\/wp\/v2\/pages\/3954\/revisions\/4449"}],"up":[{"embeddable":true,"href":"https:\/\/www.dentalzentrum-essen.de\/de\/wp-json\/wp\/v2\/pages\/41"}],"wp:attachment":[{"href":"https:\/\/www.dentalzentrum-essen.de\/de\/wp-json\/wp\/v2\/media?parent=3954"}],"curies":[{"name":"wp","href":"https:\/\/api.w.org\/{rel}","templated":true}]}}

<h3>Vita</h3>
<dl class="vita">
<dt>2017-2022</dt>
<dd>Studium der Zahnmedizin an der Westfälischen-Wilhelms-Universität in Münster</dd>
<dt>2023</dt>
<dd>Auslandsaufenthalt im Senegal als Mitglied der Hilfsorganisation Dental volunteers</dd>
<dt>2023</dt>
<dd>Fachkunde dentale digitale Volumentomographie (DVT)</dd>
<dt>Seit 2023</dt>
<dd>Doktorand an der Westfälischen-Wilhelms-Universität in Münster</dd>
<dt>Seit 2024</dt>
<dd>angestellter Assistenzzahnarzt im Dentalzentrum Essen</dd>
</dl>

<p>Vita 2017-2022 Studium der Zahnmedizin an der Westfälischen-Wilhelms-Universität in Münster 2023 Auslandsaufenthalt im Senegal als Mitglied der Hilfsorganisation Dental volunteers 2023 Fachkunde dentale digitale Volumentomographie (DVT) Seit 2023 Doktorand an der Westfälischen-Wilhelms-Universität in Münster Seit 2024 angestellter Assistenzzahnarzt im Dentalzentrum Essen</p>
